 common factor of 21 and 30.
3
Calculate the highest common divisor of 43485 and 30.
15
What is the highest common divisor of 16 and 428?
4
Calculate the greatest common factor of 16 and 1008.
16
Calculate the greatest common factor of 2955 and 394.
197
Calculate the highest common factor of 175 and 7.
7
Calculate the highest common factor of 37 and 1517.
37
Calculate the greatest common divisor of 343 and 196.
49
What is the greatest common factor of 30 and 150?
30
What is the greatest common divisor of 130 and 34970?
130
Calculate the greatest common divisor of 304 and 19114.
38
What is the greatest common factor of 57 and 11495?
19
What is the greatest common divisor of 24 and 60?
12
What is the highest common factor of 969 and 102?
51
What is the highest common divisor of 429 and 39?
39
Calculate the greatest common factor of 275 and 22.
11
What is the greatest common divisor of 216 and 120?
24
What is the greatest common divisor of 256 and 416?
32
What is the highest common divisor of 24 and 12696?
24
What is the highest common factor of 52 and 26?
26
Calculate the highest common factor of 1600 and 64.
64
What is the greatest common factor of 2951 and 13?
13
Calculate the greatest common divisor of 230 and 69.
23
What is the highest common divisor of 112 and 40?
8
What is the greatest common factor of 2288 and 264?
88
Calculate the highest common factor of 16482 and 603.
201
Calculate the greatest common divisor of 1209 and 1443.
39
What is the highest common factor of 528 and 9?
3
What is the highest common divisor of 111 and 259?
37
Calculate the highest common divisor of 276 and 12.
12
Calculate the highest common divisor of 2 and 218.
2
What is the greatest common divisor of 114 and 4731?
57
Calculate the greatest common divisor of 103 and 4017.
103
Calculate the greatest common divisor of 6 and 7725.
3
Calculate the highest common divisor of 328 and 56.
8
Calculate the greatest common divisor of 12 and 164.
4
What is the greatest common factor of 225 and 2100?
75
What is the highest common divisor of 2685 and 15?
15
Calculate the highest common factor of 6630 and 153.
51
What is the highest common divisor of 1275 and 51?
51
Calculate the greatest common factor of 275 and 297.
11
Calculate the greatest common divisor of 11 and 4.
1
Calculate the greatest common divisor of 67 and 1541.
67
Calculate the greatest common divisor of 9 and 5616.
9
What is the highest common factor of 47 and 8?
1
What is the highest common factor of 189 and 49?
7
Calculate the highest common factor of 99 and 605.
11
What is the highest common divisor of 140 and 196?
28
What is the greatest common divisor of 35 and 70?
35
Calculate the greatest common divisor of 1010 and 20.
10
Calculate the greatest common divisor of 4 and 1532.
4
Calculate the highest common divisor of 102 and 12342.
102
Calculate the highest common divisor of 656 and 112.
16
Calculate the greatest common factor of 48 and 60.
12
Calculate the greatest common factor of 325 and 25.
25
Calculate the highest common factor of 16 and 9740.
4
Calculate the greatest common factor of 44 and 440.
44
Calculate the highest common factor of 3240 and 20.
20
Calculate the greatest common divisor of 36 and 83124.
36
What is the highest common divisor of 13 and 52?
13
Calculate the highest common divisor of 29508 and 12.
12
What is the greatest common divisor of 711 and 9?
9
What is the highest common factor of 184 and 16?
8
Calculate the highest common divisor of 50 and 1775.
25
Calculate the greatest common divisor of 78 and 260.
26
Calculate the greatest common divisor of 96 and 48.
48
What is the highest common divisor of 20767 and 95?
19
Calculate the highest common divisor of 81 and 13.
1
Calculate the greatest common divisor of 1562 and 22.
22
Calculate the greatest common factor of 135 and 3270.
15
Calculate the greatest common divisor of 39 and 48.
3
What is the highest common divisor of 23 and 11776?
23
What is the highest common factor of 372 and 8?
4
What is the highest common factor of 4404 and 48?
12
Calculate the highest common divisor of 68 and 6086.
34
What is the greatest common factor of 112 and 2?
2
What is the greatest common factor of 704 and 33?
11
Calculate the highest common divisor of 259 and 3737.
37
Calculate the greatest common divisor of 3000 and 24.
24
Calculate the highest common divisor of 136 and 4471.
17
Calculate the highest common factor of 35446 and 37.
37
What is the highest common factor of 320 and 224?
32
What is the greatest common divisor of 208 and 91?
13
What is the highest common divisor of 4512 and 128?
32
What is the highest common divisor of 585 and 13845?
195
What is the greatest common factor of 10 and 58?
2
What is the greatest common divisor of 1024 and 8?
8
Calculate the greatest common divisor of 44 and 18502.
22
Calculate the greatest common factor of 135 and 10.
5
Calculate the highest common divisor of 56 and 2992.
8
What is the greatest common factor of 111 and 111?
111
What is the highest common divisor of 1298 and 22?
22
What is the greatest common factor of 360 and 45?
45
Calculate the greatest common factor of 21 and 23457.
21
What is the highest common divisor of 667 and 58?
29
What is the highest common factor of 1778 and 14?
14
Calculate the highest common divisor of 40 and 1960.
40
Calculate the greatest common factor of 70 and 245.
35
Calculate the highest common divisor of 126 and 72.
18
What is the highest common divisor of 945 and 765?
45
What is the highest common divisor of 10 and 3346?
2
What is the greatest common factor of 8 and 372?
4
Calculate the greatest common divisor of 38 and 247.
19
Calculate the greatest common divisor of 1760 and 143.
11
What is the greatest common divisor of 22 and 454?
2
What is the greatest common factor of 3262 and 14?
14
Calculate the greatest common factor of 4082 and 628.
314
What is the highest common factor of 228 and 57?
57
What is the highest common divisor of 2701 and 73?
73
What is the highest common factor of 10738 and 52?
26
What is the greatest common factor of 2002 and 33?
11
What is the highest common divisor of 209 and 88?
11
What is the highest common factor of 82 and 20992?
82
Calculate the highest common divisor of 49210 and 14.
14
What is the highest common divisor of 448 and 7?
7
What is the highest common factor of 225 and 1620?
45
What is the highest common divisor of 1450 and 58?
58
What is the highest common divisor of 3872 and 33?
11
Calculate the greatest common factor of 200 and 15.
5
Calculate the highest common factor of 84 and 987.
21
What is the greatest common factor of 1910 and 2101?
191
Calculate the highest common factor of 15327 and 234.
117
Calculate the greatest common divisor of 6 and 3702.
6
What is the greatest common factor of 1419 and 231?
33
What is the highest common divisor of 33 and 62733?
33
Calculate the highest common factor of 27 and 2178.
9
Calculate the greatest common divisor of 3654 and 126.
126
What is the highest common factor of 105 and 5745?
15
Calculate the highest common divisor of 13 and 65.
13
What is the highest common factor of 26087 and 19?
19
Calculate the highest common factor of 246 and 328.
82
What is the greatest common factor of 86 and 39474?
86
What is the highest common divisor of 1025 and 10?
5
Calculate the greatest common divisor of 1782 and 264.
66
Calculate the greatest common factor of 1547 and 91.
91
What is the highest common factor of 24 and 41484?
12
What is the highest common factor of 725 and 75?
25
Calculate the greatest common factor of 296 and 32.
8
Calculate the highest common divisor of 529 and 23.
23
Calculate the highest common divisor of 63 and 12.
3
What is the highest common factor of 255 and 9?
3
Calculate the greatest common factor of 144 and 162.
18
What is the greatest common divisor of 178 and 2?
2
What is the highest common factor of 9 and 153?
9
Calculate the highest common factor of 544 and 17.
17
What is the greatest common divisor of 84 and 360?
12
What is the greatest common divisor of 5 and 64?
1
Calculate the greatest common factor of 45 and 20.
5
What is the greatest common divisor of 318 and 120?
6
Calculate the highest common divisor of 5306 and 14.
14
Calculate the greatest common facto